{"id":1597,"date":"2025-02-11T23:22:55","date_gmt":"2025-02-11T22:22:55","guid":{"rendered":"https:\/\/gitesentredeuxrivieres.com\/?page_id=1597"},"modified":"2025-10-18T22:19:45","modified_gmt":"2025-10-18T20:19:45","slug":"mentions-legales","status":"publish","type":"page","link":"https:\/\/gitesentredeuxrivieres.com\/index.php\/mentions-legales\/","title":{"rendered":"Mentions l\u00e9gales"},"content":{"rendered":"\t\t<div data-elementor-type=\"wp-page\" data-elementor-id=\"1597\" class=\"elementor elementor-1597\">\n\t\t\t\t<div class=\"elementor-element elementor-element-600aa4d9 e-flex e-con-boxed wpr-particle-no wpr-jarallax-no wpr-parallax-no wpr-sticky-section-no e-con e-parent\" data-id=\"600aa4d9\" data-element_type=\"container\">\n\t\t\t\t\t<div class=\"e-con-inner\">\n\t\t\t\t<div class=\"elementor-element elementor-element-788c4dfe elementor-widget elementor-widget-text-editor\" data-id=\"788c4dfe\" data-element_type=\"widget\" data-widget_type=\"text-editor.default\">\n\t\t\t\t<div class=\"elementor-widget-container\">\n\t\t\t\t\t\t\t\t\t<h2><strong>\u00c9diteur du site<\/strong><\/h2>\n<p><!-- \/wp:heading --><!-- wp:paragraph --><\/p>\n<p>Le site <strong data-start=\"54\" data-end=\"71\">G\u00eetesentredeuxrivieres<\/strong> (ci-apr\u00e8s d\u00e9sign\u00e9 \u00ab le Site \u00bb) est \u00e9dit\u00e9 par :<br data-start=\"118\" data-end=\"121\" \/><strong data-start=\"121\" data-end=\"164\">Rolande Court\u00e9 Desmares<\/strong><br data-start=\"164\" data-end=\"167\" \/>Adresse : <strong data-start=\"177\" data-end=\"215\">41 rue de la mar\u00e9e 95320 Saint Leu La For\u00eat<\/strong><br data-start=\"215\" data-end=\"218\" \/>Num\u00e9ro de t\u00e9l\u00e9phone : <b>06 88 53 72 82<\/b><br data-start=\"265\" data-end=\"268\" \/>Email : <strong data-start=\"276\" data-end=\"306\">rolande.courte@hotmail.fr<\/strong><br data-start=\"306\" data-end=\"309\" \/><br \/>Num\u00e9ros SIRET :\u00a0<\/p>\n<p>888 695 855 000 13<br \/>Le jardin des Mouettes<\/p>\n<p>888 695 855 000 21<br \/>La cour des Go\u00e9lands<\/p>\n<p>953 228 111 000 19<br \/>Au repos de l\u2019Odet<\/p>\n<p>953 228 111 000 27<br \/>Le clos des Cormorans<em><br \/><\/em><br data-start=\"351\" data-end=\"354\" \/>TVA intracommunautaire : Non assujetti.<br \/><strong data-start=\"379\" data-end=\"413\"><br \/><\/strong>L\u2019adresse de notre site est : https:\/\/www.gitesentredeuxrivieres.com.<\/p>\n<p><!-- \/wp:paragraph --><!-- wp:heading --><\/p>\n<h2>Directeur de la publication<\/h2>\n<p><!-- \/wp:heading --><!-- wp:paragraph --><\/p>\n<p>Le directeur de la publication du Site est : <strong data-start=\"496\" data-end=\"520\">Rolande Court\u00e9 Desmares<\/strong><br data-start=\"520\" data-end=\"523\" \/>Contact : <strong data-start=\"533\" data-end=\"580\">rolande.courte@hotmail.fr<\/strong><\/p>\n<h2>H\u00e9bergeur du site<\/h2>\n<p data-start=\"608\" data-end=\"790\">Le Site est h\u00e9berg\u00e9 par :<br data-start=\"633\" data-end=\"636\" \/><strong data-start=\"636\" data-end=\"660\">OVH Cloud<\/strong><br data-start=\"660\" data-end=\"663\" \/>Adresse de l&rsquo;h\u00e9bergeur :<br \/>2 rue Kellermann<br \/>59100 Roubaix<\/p>\n<p>Num\u00e9ro de t\u00e9l\u00e9phone : +33 9 72 10 10 07\u00a0<br \/><a href=\"https:\/\/www.ovhcloud.com\/fr\/contact\/\">https:\/\/www.ovhcloud.com\/fr\/contact\/\u00a0<\/a><\/p>\n<p><!-- \/wp:paragraph --><!-- wp:paragraph --><\/p>\n<h2>Objectifs du site<\/h2>\n<p data-start=\"608\" data-end=\"790\">Le Site a pour objectif la mise \u00e0 disposition d&rsquo;une plateforme de r\u00e9servation de g\u00eetes meubl\u00e9s en courte ou longue dur\u00e9e. Il permet aux utilisateurs de consulter, r\u00e9server et g\u00e9rer leurs s\u00e9jours dans les diff\u00e9rents g\u00eetes propos\u00e9s par les h\u00f4tes de G\u00eetes entre deux rivi\u00e8res.<\/p>\n<h2><strong>Propri\u00e9t\u00e9 intellectuelle<\/strong><\/h2>\n<p data-start=\"608\" data-end=\"790\">Le Site et tous ses \u00e9l\u00e9ments (textes, images, logos, marques, etc.) sont la propri\u00e9t\u00e9 exclusive de <strong data-start=\"1208\" data-end=\"1251\">G\u00eetes entre deux rivi\u00e8res <\/strong>ou sont utilis\u00e9s sous licence. Toute reproduction, repr\u00e9sentation, diffusion ou utilisation de ces \u00e9l\u00e9ments sans autorisation pr\u00e9alable est interdite et constitue une violation des droits d&rsquo;auteur et des droits voisins.<\/p>\n<p data-start=\"608\" data-end=\"790\">Le contenu du Site peut contenir des noms de marque ou des marques commerciales de diverses tierces parties, et si c&rsquo;est le cas, leur utilisation n&rsquo;a qu&rsquo;un but d&rsquo;illustration. Tous les produits et noms de soci\u00e9t\u00e9 sont des marques de commerce (\u2122) ou des marques enregistr\u00e9es (\u00ae) de leurs propri\u00e9taires respectifs. Leur utilisation n&rsquo;implique aucune affiliation, approbation ou association d&rsquo;aucune sorte entre elles et\u00a0<span style=\"font-variant-ligatures: normal; font-variant-caps: normal; font-family: Roboto; font-size: 16px; font-style: normal;\" data-start=\"1208\" data-end=\"1251\">G\u00eetes<\/span> <span style=\"font-variant-ligatures: normal; font-variant-caps: normal; font-family: Roboto; font-size: 16px; font-style: normal;\" data-start=\"1208\" data-end=\"1251\">entre<\/span> <span style=\"font-variant-ligatures: normal; font-variant-caps: normal; font-family: Roboto; font-size: 16px; font-style: normal;\" data-start=\"1208\" data-end=\"1251\">deux<\/span> <span style=\"font-variant-ligatures: normal; font-variant-caps: normal; font-family: Roboto; font-size: 16px; font-style: normal;\" data-start=\"1208\" data-end=\"1251\">rivi\u00e8res<\/span>.<\/p>\n<h2><strong>Responsabilit\u00e9s<\/strong><\/h2>\n<p data-start=\"1496\" data-end=\"1843\"><strong data-start=\"1208\" data-end=\"1251\">G\u00eetes entre deux rivi\u00e8res <\/strong>s&rsquo;engage \u00e0 fournir des informations aussi pr\u00e9cises que possible sur les g\u00eetes propos\u00e9s. Cependant, <strong data-start=\"1208\" data-end=\"1251\">G\u00eetes entre deux rivi\u00e8res <\/strong>ne peut \u00eatre tenue responsable des erreurs, impr\u00e9cisions, ou omissions relatives aux informations fournies par les h\u00f4tes, ni des d\u00e9sagr\u00e9ments pouvant survenir lors des r\u00e9servations ou des s\u00e9jours.<\/p>\n<p data-start=\"1845\" data-end=\"2007\">Les utilisateurs du Site s&rsquo;engagent \u00e0 v\u00e9rifier les informations avant toute r\u00e9servation et \u00e0 respecter les conditions g\u00e9n\u00e9rales de location des h\u00f4tes partenaires.<\/p>\n<h2><strong>Collecte de donn\u00e9es personnelles<\/strong><\/h2>\n<p data-start=\"2050\" data-end=\"2264\">Les donn\u00e9es personnelles collect\u00e9es sur le Site (nom, pr\u00e9nom, adresse email, informations de paiement, etc.) sont trait\u00e9es conform\u00e9ment \u00e0 la l\u00e9gislation en vigueur sur la protection des donn\u00e9es personnelles (RGPD).<\/p>\n<p data-start=\"2266\" data-end=\"2517\">Les donn\u00e9es collect\u00e9es sont utilis\u00e9es uniquement dans le cadre de la gestion des r\u00e9servations, du suivi client et des communications li\u00e9es au service. Aucune donn\u00e9e personnelle ne sera c\u00e9d\u00e9e \u00e0 des tiers sans le consentement pr\u00e9alable de l&rsquo;utilisateur.<\/p>\n<p data-start=\"2519\" data-end=\"2760\">Les utilisateurs peuvent exercer leur droit d&rsquo;acc\u00e8s, de rectification, d&rsquo;opposition et de suppression des donn\u00e9es les concernant en contactant <b>G\u00eetes entre deux rivi\u00e8res<\/b>\u00a0\u00e0 l&rsquo;adresse suivante : <b>rolande.courte@hotmail.fr<\/b><\/p>\n<h2><strong>Cookies<\/strong><\/h2>\n<p data-start=\"2778\" data-end=\"3187\">Le Site utilise des cookies pour am\u00e9liorer l&rsquo;exp\u00e9rience de navigation des utilisateurs. Ces cookies permettent de m\u00e9moriser des pr\u00e9f\u00e9rences ou d&rsquo;analyser la fr\u00e9quentation du Site. En poursuivant la navigation sur le Site, l&rsquo;utilisateur consent \u00e0 l&rsquo;utilisation de ces cookies. Pour plus d&rsquo;informations sur les cookies utilis\u00e9s, veuillez consulter notre politique de cookies [lien vers la politique de cookies].<\/p>\n<h2><strong>Liens hypertextes<\/strong><\/h2>\n<p data-start=\"3215\" data-end=\"3515\">Le Site peut contenir des liens hypertextes vers des sites tiers. <b>G\u00eetes entre deux rivi\u00e8res<\/b>\u00a0ne saurait \u00eatre tenue responsable du contenu ou des pratiques de ces sites externes. L&rsquo;utilisateur est invit\u00e9 \u00e0 consulter les conditions d&rsquo;utilisation et la politique de confidentialit\u00e9 de chaque site visit\u00e9.<\/p>\n<h2><strong>Droit applicable et juridiction comp\u00e9tente<\/strong><\/h2>\n<p data-start=\"3569\" data-end=\"3700\">Les pr\u00e9sentes mentions l\u00e9gales sont r\u00e9gies par le droit fran\u00e7ais. En cas de litige, les tribunaux fran\u00e7ais seront seuls comp\u00e9tents.<\/p>\n<p><!-- \/wp:paragraph --><\/p>\t\t\t\t\t\t\t\t<\/div>\n\t\t\t\t<\/div>\n\t\t\t\t\t<\/div>\n\t\t\t\t<\/div>\n\t\t\t\t<\/div>\n\t\t","protected":false},"excerpt":{"rendered":"<p>\u00c9diteur du site Le site G\u00eetesentredeuxrivieres (ci-apr\u00e8s d\u00e9sign\u00e9 \u00ab le Site \u00bb) est \u00e9dit\u00e9 par :Rolande Court\u00e9 DesmaresAdresse : 41 rue de la mar\u00e9e 95320 Saint Leu La For\u00eatNum\u00e9ro de t\u00e9l\u00e9phone : 06 88 53 72 82Email : rolande.courte@hotmail.frNum\u00e9ros SIRET :\u00a0 888 695 855 000 13Le jardin des Mouettes 888 695 855 000 21La cour des Go\u00e9lands 953 228 111 000 19Au repos de l\u2019Odet 953 228 111 000 27Le clos des CormoransTVA intracommunautaire : Non assujetti.L\u2019adresse de notre site est : https:\/\/www.gitesentredeuxrivieres.com. Directeur de la publication Le directeur de la publication du Site est : Rolande Court\u00e9 DesmaresContact : rolande.courte@hotmail.fr H\u00e9bergeur du site Le Site est h\u00e9berg\u00e9 par :OVH CloudAdresse de l&rsquo;h\u00e9bergeur :2 rue Kellermann59100 Roubaix Num\u00e9ro de t\u00e9l\u00e9phone : +33 9 72 10 10 07\u00a0https:\/\/www.ovhcloud.com\/fr\/contact\/\u00a0 Objectifs du site Le Site a pour objectif la mise \u00e0 disposition d&rsquo;une plateforme de r\u00e9servation de g\u00eetes meubl\u00e9s en courte ou longue dur\u00e9e. Il permet aux utilisateurs de consulter, r\u00e9server et g\u00e9rer leurs s\u00e9jours dans les diff\u00e9rents g\u00eetes propos\u00e9s par les h\u00f4tes de G\u00eetes entre deux rivi\u00e8res. Propri\u00e9t\u00e9 intellectuelle Le Site et tous ses \u00e9l\u00e9ments (textes, images, logos, marques, etc.) sont la propri\u00e9t\u00e9 exclusive de G\u00eetes entre deux rivi\u00e8res ou sont utilis\u00e9s sous licence. Toute reproduction, repr\u00e9sentation, diffusion ou utilisation de ces \u00e9l\u00e9ments sans autorisation pr\u00e9alable est interdite et constitue une violation des droits d&rsquo;auteur et des droits voisins. Le contenu du Site peut contenir des noms de marque ou des marques commerciales de diverses tierces parties, et si c&rsquo;est le cas, leur utilisation n&rsquo;a qu&rsquo;un but d&rsquo;illustration. Tous les produits et noms de soci\u00e9t\u00e9 sont des marques de commerce (\u2122) ou des marques enregistr\u00e9es (\u00ae) de leurs propri\u00e9taires respectifs. Leur utilisation n&rsquo;implique aucune affiliation, approbation ou association d&rsquo;aucune sorte entre elles et\u00a0G\u00eetes entre deux rivi\u00e8res. Responsabilit\u00e9s G\u00eetes entre deux rivi\u00e8res s&rsquo;engage \u00e0 fournir des informations aussi pr\u00e9cises que possible sur les g\u00eetes propos\u00e9s. Cependant, G\u00eetes entre deux rivi\u00e8res ne peut \u00eatre tenue responsable des erreurs, impr\u00e9cisions, ou omissions relatives aux informations fournies par les h\u00f4tes, ni des d\u00e9sagr\u00e9ments pouvant survenir lors des r\u00e9servations ou des s\u00e9jours. Les utilisateurs du Site s&rsquo;engagent \u00e0 v\u00e9rifier les informations avant toute r\u00e9servation et \u00e0 respecter les conditions g\u00e9n\u00e9rales de location des h\u00f4tes partenaires. Collecte de donn\u00e9es personnelles Les donn\u00e9es personnelles collect\u00e9es sur le Site (nom, pr\u00e9nom, adresse email, informations de paiement, etc.) sont trait\u00e9es conform\u00e9ment \u00e0 la l\u00e9gislation en vigueur sur la protection des donn\u00e9es personnelles (RGPD). Les donn\u00e9es collect\u00e9es sont utilis\u00e9es uniquement dans le cadre de la gestion des r\u00e9servations, du suivi client et des communications li\u00e9es au service. Aucune donn\u00e9e personnelle ne sera c\u00e9d\u00e9e \u00e0 des tiers sans le consentement pr\u00e9alable de l&rsquo;utilisateur. Les utilisateurs peuvent exercer leur droit d&rsquo;acc\u00e8s, de rectification, d&rsquo;opposition et de suppression des donn\u00e9es les concernant en contactant G\u00eetes entre deux rivi\u00e8res\u00a0\u00e0 l&rsquo;adresse suivante : rolande.courte@hotmail.fr Cookies Le Site utilise des cookies pour am\u00e9liorer l&rsquo;exp\u00e9rience de navigation des utilisateurs. Ces cookies permettent de m\u00e9moriser des pr\u00e9f\u00e9rences ou d&rsquo;analyser la fr\u00e9quentation du Site. En poursuivant la navigation sur le Site, l&rsquo;utilisateur consent \u00e0 l&rsquo;utilisation de ces cookies. Pour plus d&rsquo;informations sur les cookies utilis\u00e9s, veuillez consulter notre politique de cookies [lien vers la politique de cookies]. Liens hypertextes Le Site peut contenir des liens hypertextes vers des sites tiers. G\u00eetes entre deux rivi\u00e8res\u00a0ne saurait \u00eatre tenue responsable du contenu ou des pratiques de ces sites externes. L&rsquo;utilisateur est invit\u00e9 \u00e0 consulter les conditions d&rsquo;utilisation et la politique de confidentialit\u00e9 de chaque site visit\u00e9. Droit applicable et juridiction comp\u00e9tente Les pr\u00e9sentes mentions l\u00e9gales sont r\u00e9gies par le droit fran\u00e7ais. En cas de litige, les tribunaux fran\u00e7ais seront seuls comp\u00e9tents.<\/p>\n","protected":false},"author":4,"featured_media":0,"parent":0,"menu_order":0,"comment_status":"closed","ping_status":"closed","template":"","meta":{"ocean_post_layout":"","ocean_both_sidebars_style":"","ocean_both_sidebars_content_width":0,"ocean_both_sidebars_sidebars_width":0,"ocean_sidebar":"","ocean_second_sidebar":"","ocean_disable_margins":"enable","ocean_add_body_class":"","ocean_shortcode_before_top_bar":"","ocean_shortcode_after_top_bar":"","ocean_shortcode_before_header":"","ocean_shortcode_after_header":"","ocean_has_shortcode":"","ocean_shortcode_after_title":"","ocean_shortcode_before_footer_widgets":"","ocean_shortcode_after_footer_widgets":"","ocean_shortcode_before_footer_bottom":"","ocean_shortcode_after_footer_bottom":"","ocean_display_top_bar":"default","ocean_display_header":"default","ocean_header_style":"","ocean_center_header_left_menu":"","ocean_custom_header_template":"","ocean_custom_logo":0,"ocean_custom_retina_logo":0,"ocean_custom_logo_max_width":0,"ocean_custom_logo_tablet_max_width":0,"ocean_custom_logo_mobile_max_width":0,"ocean_custom_logo_max_height":0,"ocean_custom_logo_tablet_max_height":0,"ocean_custom_logo_mobile_max_height":0,"ocean_header_custom_menu":"","ocean_menu_typo_font_family":"","ocean_menu_typo_font_subset":"","ocean_menu_typo_font_size":0,"ocean_menu_typo_font_size_tablet":0,"ocean_menu_typo_font_size_mobile":0,"ocean_menu_typo_font_size_unit":"px","ocean_menu_typo_font_weight":"","ocean_menu_typo_font_weight_tablet":"","ocean_menu_typo_font_weight_mobile":"","ocean_menu_typo_transform":"","ocean_menu_typo_transform_tablet":"","ocean_menu_typo_transform_mobile":"","ocean_menu_typo_line_height":0,"ocean_menu_typo_line_height_tablet":0,"ocean_menu_typo_line_height_mobile":0,"ocean_menu_typo_line_height_unit":"","ocean_menu_typo_spacing":0,"ocean_menu_typo_spacing_tablet":0,"ocean_menu_typo_spacing_mobile":0,"ocean_menu_typo_spacing_unit":"","ocean_menu_link_color":"","ocean_menu_link_color_hover":"","ocean_menu_link_color_active":"","ocean_menu_link_background":"","ocean_menu_link_hover_background":"","ocean_menu_link_active_background":"","ocean_menu_social_links_bg":"","ocean_menu_social_hover_links_bg":"","ocean_menu_social_links_color":"","ocean_menu_social_hover_links_color":"","ocean_disable_title":"on","ocean_disable_heading":"default","ocean_post_title":"","ocean_post_subheading":"","ocean_post_title_style":"","ocean_post_title_background_color":"","ocean_post_title_background":0,"ocean_post_title_bg_image_position":"","ocean_post_title_bg_image_attachment":"","ocean_post_title_bg_image_repeat":"","ocean_post_title_bg_image_size":"","ocean_post_title_height":0,"ocean_post_title_bg_overlay":0.5,"ocean_post_title_bg_overlay_color":"","ocean_disable_breadcrumbs":"default","ocean_breadcrumbs_color":"","ocean_breadcrumbs_separator_color":"","ocean_breadcrumbs_links_color":"","ocean_breadcrumbs_links_hover_color":"","ocean_display_footer_widgets":"default","ocean_display_footer_bottom":"default","ocean_custom_footer_template":"","footnotes":""},"class_list":["post-1597","page","type-page","status-publish","hentry","entry"],"yoast_head":"<!-- This site is optimized with the Yoast SEO plugin v26.7 - https:\/\/yoast.com\/wordpress\/plugins\/seo\/ -->\n<title>Mentions l\u00e9gales du site G\u00eetes Entre Deux Rivi\u00e8res \u2013 Locations meubl\u00e9es Finist\u00e8re<\/title>\n<meta name=\"description\" content=\"Toutes les informations l\u00e9gales concernant le site G\u00eetes Entre Deux Rivi\u00e8res \u2013 h\u00e9bergements touristiques et longue dur\u00e9e dans le Finist\u00e8re Sud (Plomelin, Pont-L&#039;Abb\u00e9)\" \/>\n<meta name=\"robots\" content=\"index, follow, max-snippet:-1, max-image-preview:large, max-video-preview:-1\" \/>\n<link rel=\"canonical\" href=\"https:\/\/gitesentredeuxrivieres.com\/index.php\/mentions-legales\/\" \/>\n<meta property=\"og:locale\" content=\"fr_FR\" \/>\n<meta property=\"og:type\" content=\"article\" \/>\n<meta property=\"og:title\" content=\"Mentions l\u00e9gales du site G\u00eetes Entre Deux Rivi\u00e8res \u2013 Locations meubl\u00e9es Finist\u00e8re\" \/>\n<meta property=\"og:description\" content=\"Toutes les informations l\u00e9gales concernant le site G\u00eetes Entre Deux Rivi\u00e8res \u2013 h\u00e9bergements touristiques et longue dur\u00e9e dans le Finist\u00e8re Sud (Plomelin, Pont-L&#039;Abb\u00e9)\" \/>\n<meta property=\"og:url\" content=\"https:\/\/gitesentredeuxrivieres.com\/index.php\/mentions-legales\/\" \/>\n<meta property=\"og:site_name\" content=\"G\u00eetes entre 2 rivi\u00e8res\" \/>\n<meta property=\"article:modified_time\" content=\"2025-10-18T20:19:45+00:00\" \/>\n<meta property=\"og:image\" content=\"https:\/\/gitesentredeuxrivieres.com\/wp-content\/uploads\/2024\/12\/cropped-cropped-cropped-IconeGitesEntre2RivieresFondTransparent512_512-1.png\" \/>\n\t<meta property=\"og:image:width\" content=\"512\" \/>\n\t<meta property=\"og:image:height\" content=\"481\" \/>\n\t<meta property=\"og:image:type\" content=\"image\/png\" \/>\n<meta name=\"twitter:card\" content=\"summary_large_image\" \/>\n<meta name=\"twitter:label1\" content=\"Dur\u00e9e de lecture estim\u00e9e\" \/>\n\t<meta name=\"twitter:data1\" content=\"4 minutes\" \/>\n<script type=\"application\/ld+json\" class=\"yoast-schema-graph\">{\"@context\":\"https:\/\/schema.org\",\"@graph\":[{\"@type\":\"WebPage\",\"@id\":\"https:\/\/gitesentredeuxrivieres.com\/index.php\/mentions-legales\/\",\"url\":\"https:\/\/gitesentredeuxrivieres.com\/index.php\/mentions-legales\/\",\"name\":\"Mentions l\u00e9gales du site G\u00eetes Entre Deux Rivi\u00e8res \u2013 Locations meubl\u00e9es Finist\u00e8re\",\"isPartOf\":{\"@id\":\"https:\/\/gitesentredeuxrivieres.com\/#website\"},\"datePublished\":\"2025-02-11T22:22:55+00:00\",\"dateModified\":\"2025-10-18T20:19:45+00:00\",\"description\":\"Toutes les informations l\u00e9gales concernant le site G\u00eetes Entre Deux Rivi\u00e8res \u2013 h\u00e9bergements touristiques et longue dur\u00e9e dans le Finist\u00e8re Sud (Plomelin, Pont-L'Abb\u00e9)\",\"breadcrumb\":{\"@id\":\"https:\/\/gitesentredeuxrivieres.com\/index.php\/mentions-legales\/#breadcrumb\"},\"inLanguage\":\"fr-FR\",\"potentialAction\":[{\"@type\":\"ReadAction\",\"target\":[\"https:\/\/gitesentredeuxrivieres.com\/index.php\/mentions-legales\/\"]}]},{\"@type\":\"BreadcrumbList\",\"@id\":\"https:\/\/gitesentredeuxrivieres.com\/index.php\/mentions-legales\/#breadcrumb\",\"itemListElement\":[{\"@type\":\"ListItem\",\"position\":1,\"name\":\"Accueil\",\"item\":\"https:\/\/gitesentredeuxrivieres.com\/\"},{\"@type\":\"ListItem\",\"position\":2,\"name\":\"Mentions l\u00e9gales\"}]},{\"@type\":\"WebSite\",\"@id\":\"https:\/\/gitesentredeuxrivieres.com\/#website\",\"url\":\"https:\/\/gitesentredeuxrivieres.com\/\",\"name\":\"G\u00eetes entre deux rivi\u00e8res\",\"description\":\"Locations meubl\u00e9es Finist\u00e8re\",\"publisher\":{\"@id\":\"https:\/\/gitesentredeuxrivieres.com\/#organization\"},\"alternateName\":\"G\u00eetes entre 2 rivi\u00e8res\",\"potentialAction\":[{\"@type\":\"SearchAction\",\"target\":{\"@type\":\"EntryPoint\",\"urlTemplate\":\"https:\/\/gitesentredeuxrivieres.com\/?s={search_term_string}\"},\"query-input\":{\"@type\":\"PropertyValueSpecification\",\"valueRequired\":true,\"valueName\":\"search_term_string\"}}],\"inLanguage\":\"fr-FR\"},{\"@type\":\"Organization\",\"@id\":\"https:\/\/gitesentredeuxrivieres.com\/#organization\",\"name\":\"G\u00eetes entre deux rivi\u00e8res\",\"alternateName\":\"G\u00eetes entre 2 rivi\u00e8res\",\"url\":\"https:\/\/gitesentredeuxrivieres.com\/\",\"logo\":{\"@type\":\"ImageObject\",\"inLanguage\":\"fr-FR\",\"@id\":\"https:\/\/gitesentredeuxrivieres.com\/#\/schema\/logo\/image\/\",\"url\":\"https:\/\/gitesentredeuxrivieres.com\/wp-content\/uploads\/2024\/12\/cropped-cropped-cropped-IconeGitesEntre2RivieresFondTransparent512_512-1.png\",\"contentUrl\":\"https:\/\/gitesentredeuxrivieres.com\/wp-content\/uploads\/2024\/12\/cropped-cropped-cropped-IconeGitesEntre2RivieresFondTransparent512_512-1.png\",\"width\":512,\"height\":481,\"caption\":\"G\u00eetes entre deux rivi\u00e8res\"},\"image\":{\"@id\":\"https:\/\/gitesentredeuxrivieres.com\/#\/schema\/logo\/image\/\"}}]}<\/script>\n<!-- \/ Yoast SEO plugin. -->","yoast_head_json":{"title":"Mentions l\u00e9gales du site G\u00eetes Entre Deux Rivi\u00e8res \u2013 Locations meubl\u00e9es Finist\u00e8re","description":"Toutes les informations l\u00e9gales concernant le site G\u00eetes Entre Deux Rivi\u00e8res \u2013 h\u00e9bergements touristiques et longue dur\u00e9e dans le Finist\u00e8re Sud (Plomelin, Pont-L'Abb\u00e9)","robots":{"index":"index","follow":"follow","max-snippet":"max-snippet:-1","max-image-preview":"max-image-preview:large","max-video-preview":"max-video-preview:-1"},"canonical":"https:\/\/gitesentredeuxrivieres.com\/index.php\/mentions-legales\/","og_locale":"fr_FR","og_type":"article","og_title":"Mentions l\u00e9gales du site G\u00eetes Entre Deux Rivi\u00e8res \u2013 Locations meubl\u00e9es Finist\u00e8re","og_description":"Toutes les informations l\u00e9gales concernant le site G\u00eetes Entre Deux Rivi\u00e8res \u2013 h\u00e9bergements touristiques et longue dur\u00e9e dans le Finist\u00e8re Sud (Plomelin, Pont-L'Abb\u00e9)","og_url":"https:\/\/gitesentredeuxrivieres.com\/index.php\/mentions-legales\/","og_site_name":"G\u00eetes entre 2 rivi\u00e8res","article_modified_time":"2025-10-18T20:19:45+00:00","og_image":[{"width":512,"height":481,"url":"https:\/\/gitesentredeuxrivieres.com\/wp-content\/uploads\/2024\/12\/cropped-cropped-cropped-IconeGitesEntre2RivieresFondTransparent512_512-1.png","type":"image\/png"}],"twitter_card":"summary_large_image","twitter_misc":{"Dur\u00e9e de lecture estim\u00e9e":"4 minutes"},"schema":{"@context":"https:\/\/schema.org","@graph":[{"@type":"WebPage","@id":"https:\/\/gitesentredeuxrivieres.com\/index.php\/mentions-legales\/","url":"https:\/\/gitesentredeuxrivieres.com\/index.php\/mentions-legales\/","name":"Mentions l\u00e9gales du site G\u00eetes Entre Deux Rivi\u00e8res \u2013 Locations meubl\u00e9es Finist\u00e8re","isPartOf":{"@id":"https:\/\/gitesentredeuxrivieres.com\/#website"},"datePublished":"2025-02-11T22:22:55+00:00","dateModified":"2025-10-18T20:19:45+00:00","description":"Toutes les informations l\u00e9gales concernant le site G\u00eetes Entre Deux Rivi\u00e8res \u2013 h\u00e9bergements touristiques et longue dur\u00e9e dans le Finist\u00e8re Sud (Plomelin, Pont-L'Abb\u00e9)","breadcrumb":{"@id":"https:\/\/gitesentredeuxrivieres.com\/index.php\/mentions-legales\/#breadcrumb"},"inLanguage":"fr-FR","potentialAction":[{"@type":"ReadAction","target":["https:\/\/gitesentredeuxrivieres.com\/index.php\/mentions-legales\/"]}]},{"@type":"BreadcrumbList","@id":"https:\/\/gitesentredeuxrivieres.com\/index.php\/mentions-legales\/#breadcrumb","itemListElement":[{"@type":"ListItem","position":1,"name":"Accueil","item":"https:\/\/gitesentredeuxrivieres.com\/"},{"@type":"ListItem","position":2,"name":"Mentions l\u00e9gales"}]},{"@type":"WebSite","@id":"https:\/\/gitesentredeuxrivieres.com\/#website","url":"https:\/\/gitesentredeuxrivieres.com\/","name":"G\u00eetes entre deux rivi\u00e8res","description":"Locations meubl\u00e9es Finist\u00e8re","publisher":{"@id":"https:\/\/gitesentredeuxrivieres.com\/#organization"},"alternateName":"G\u00eetes entre 2 rivi\u00e8res","potentialAction":[{"@type":"SearchAction","target":{"@type":"EntryPoint","urlTemplate":"https:\/\/gitesentredeuxrivieres.com\/?s={search_term_string}"},"query-input":{"@type":"PropertyValueSpecification","valueRequired":true,"valueName":"search_term_string"}}],"inLanguage":"fr-FR"},{"@type":"Organization","@id":"https:\/\/gitesentredeuxrivieres.com\/#organization","name":"G\u00eetes entre deux rivi\u00e8res","alternateName":"G\u00eetes entre 2 rivi\u00e8res","url":"https:\/\/gitesentredeuxrivieres.com\/","logo":{"@type":"ImageObject","inLanguage":"fr-FR","@id":"https:\/\/gitesentredeuxrivieres.com\/#\/schema\/logo\/image\/","url":"https:\/\/gitesentredeuxrivieres.com\/wp-content\/uploads\/2024\/12\/cropped-cropped-cropped-IconeGitesEntre2RivieresFondTransparent512_512-1.png","contentUrl":"https:\/\/gitesentredeuxrivieres.com\/wp-content\/uploads\/2024\/12\/cropped-cropped-cropped-IconeGitesEntre2RivieresFondTransparent512_512-1.png","width":512,"height":481,"caption":"G\u00eetes entre deux rivi\u00e8res"},"image":{"@id":"https:\/\/gitesentredeuxrivieres.com\/#\/schema\/logo\/image\/"}}]}},"_links":{"self":[{"href":"https:\/\/gitesentredeuxrivieres.com\/index.php\/wp-json\/wp\/v2\/pages\/1597","targetHints":{"allow":["GET"]}}],"collection":[{"href":"https:\/\/gitesentredeuxrivieres.com\/index.php\/wp-json\/wp\/v2\/pages"}],"about":[{"href":"https:\/\/gitesentredeuxrivieres.com\/index.php\/wp-json\/wp\/v2\/types\/page"}],"author":[{"embeddable":true,"href":"https:\/\/gitesentredeuxrivieres.com\/index.php\/wp-json\/wp\/v2\/users\/4"}],"replies":[{"embeddable":true,"href":"https:\/\/gitesentredeuxrivieres.com\/index.php\/wp-json\/wp\/v2\/comments?post=1597"}],"version-history":[{"count":40,"href":"https:\/\/gitesentredeuxrivieres.com\/index.php\/wp-json\/wp\/v2\/pages\/1597\/revisions"}],"predecessor-version":[{"id":5009,"href":"https:\/\/gitesentredeuxrivieres.com\/index.php\/wp-json\/wp\/v2\/pages\/1597\/revisions\/5009"}],"wp:attachment":[{"href":"https:\/\/gitesentredeuxrivieres.com\/index.php\/wp-json\/wp\/v2\/media?parent=1597"}],"curies":[{"name":"wp","href":"https:\/\/api.w.org\/{rel}","templated":true}]}}